 a composite number?
True
Is 352048399 prime?
True
Is 23236579133 composite?
True
Is 1689237321 a prime number?
False
Is 905068007 prime?
True
Is 7662935177 composite?
True
Is 1582471243 a prime number?
True
Is 176670071 composite?
False
Is 15311818307 a prime number?
True
Is 181713839 prime?
False
Is 5862193573 composite?
False
Is 1009960541 prime?
False
Is 115078357 prime?
True
Is 2103367627 prime?
True
Is 25161433079 a composite number?
False
Is 261569536261 prime?
False
Is 2216099687 a prime number?
True
Is 2667744083 composite?
False
Is 18642332057 a composite number?
False
Is 11216255489 a composite number?
False
Is 70926157957 a composite number?
True
Is 15304062173 prime?
False
Is 649632385 prime?
False
Is 379907467 composite?
True
Is 16289370289 a prime number?
True
Is 1151607881 composite?
False
Is 6188092349 prime?
False
Is 24072572533 a prime number?
True
Is 13379731753 prime?
True
Is 1474596491 composite?
False
Is 1365860555 prime?
False
Is 55883558639 prime?
True
Is 2760951491 a prime number?
True
Is 1659204047 a prime number?
False
Is 131868356573 composite?
True
Is 67909470137 prime?
True
Is 68742029119 a composite number?
True
Is 88681381 a composite number?
False
Is 18436504829 a prime number?
True
Is 304191961 a prime number?
True
Is 26209009487 composite?
False
Is 29531660467 prime?
True
Is 18748297681 a prime number?
True
Is 842557019 prime?
True
Is 458594989 prime?
True
Is 120248329 a prime number?
False
Is 186149063801 composite?
True
Is 5514905254 a prime number?
False
Is 61852752301 prime?
False
Is 225473273 a composite number?
True
Is 66531378737 prime?
True
Is 2622350527 prime?
True
Is 3632795629 prime?
False
Is 52387722661 composite?
False
Is 8504922533 composite?
True
Is 10932350693 a composite number?
True
Is 34676112979 composite?
True
Is 1343119033 prime?
True
Is 10085376473 a composite number?
True
Is 51849480113 a prime number?
True
Is 18534710353 a prime number?
True
Is 4831023557 composite?
True
Is 23702034677 prime?
True
Is 529823741 a prime number?
False
Is 4245090797 a composite number?
True
Is 5580600862 composite?
True
Is 7512550753 composite?
False
Is 8594602057 a prime number?
False
Is 107005607 a prime number?
True
Is 474583853 prime?
True
Is 100384127 a prime number?
False
Is 433711835 composite?
True
Is 26045671417 composite?
False
Is 231844049 composite?
True
Is 448629001 a prime number?
False
Is 281954137 prime?
False
Is 25462162931 prime?
True
Is 12237707947 a composite number?
True
Is 479756111 composite?
False
Is 37573586293 a composite number?
False
Is 886700351 composite?
False
Is 3430716293 a composite number?
True
Is 2137069373 a composite number?
False
Is 71658989863 prime?
True
Is 2739764057 prime?
False
Is 93263279 a composite number?
False
Is 58882787 prime?
True
Is 14660909017 composite?
False
Is 83485735153 prime?
True
Is 46827268441 a prime number?
True
Is 329153281 composite?
False
Is 367629187 a composite number?
False
Is 856169443 a composite number?
False
Is 12069469547 prime?
True
Is 15438022009 a prime number?
True
Is 107205583 prime?
False
Is 1031469181 prime?
False
Is 4468568771 a prime number?
False
Is 5264019518 composite?
True
Is 287396987 a prime number?
True
Is 47484162359 composite?
True
Is 1021409183 a prime number?
True
Is 1940277083 a composite number?
False
Is 61621125067 a prime number?
True
Is 850094261 composite?
False
Is 190649051 a composite number?
True
Is 1278024953 a prime number?
False
Is 17863588181 a composite number?
True
Is 1894197971 prime?
True
Is 40062539 a composite number?
True
Is 602939791 a prime number?
False
Is 231735697 a composite number?
False
Is 43135109 a prime number?
True
Is 2926399429 a prime number?
True
Is 1124527429 a prime number?
False
Is 621905173 a composite number?
True
Is 1949422637 a composite number?
False
Is 1167800509 a composite number?
True
Is 1102239137 prime?
False
Is 662655751 prime?
True
Is 2097298481 a prime number?
True
Is 1134722167 a prime number?
False
Is 591288277 composite?
False
Is 1484442953 prime?
False
Is 23428789883 composite?
False
Is 1895185063 prime?
False
Is 28696387289 a composite number?
True
Is 486711821 a prime number?
True
Is 6074965067 composite?
False
Is 819973607 a composite number?
False
Is 41617428647 a composite number?
True
Is 179591894599 a composite number?
True
Is 181006686611 prime?
False
Is 56760437 composite?
False
Is 3264082741 a composite number?
True
Is 3861024073 a composite number?
False
Is 563694491 a prime number?
True
Is 8517190727 a prime number?
True
Is 30722092111 a composite number?
False
Is 321779257 composite?
False
Is 3146025221 a composite number?
False
Is 5689899047 a composite number?
True
Is 24237889 prime?
False
Is 3483639431 a prime number?
False
Is 37371055751 composite?
True
Is 5345909161 a prime number?
True
Is 44313767 composite?
False
Is 42125720207 prime?
True
Is 95097407 a prime number?
False
Is 11854873 prime?
True
Is 54197887949 prime?
True
Is 3211344011 prime?
False
Is 51629016073 prime?
True
Is 72219101 a prime number?
False
Is 2432632429 a prime number?
True
Is 792480571 prime?
False
Is 134274386 composite?
True
Is 1132284977 prime?
False
Is 6831313823 prime?
True
Is 4695507853 a composite number?
False
Is 1075015957 composite?
False
Is 998733353 a composite number?
False
Is 284644861 a composite number?
True
Is 96096691679 a prime number?
True
Is 109812029 a composite number?
False
Is 1796517337 a composite number?
False
Is 698979449 a composite number?
True
Is 47392582021 a composite number?
False
Is 1092131671 a composite number?
False
Is 715755178 a composite number?
True
Is 4764933457 composite?
False
Is 331656037 a composite number?
False
Is 2706528487 prime?
False
Is 88562748811 a prime number?
True
Is 10118415887 composite?
False
Is 373424867 a composite number?
False
Is 1546315201 a prime number?
True
Is 281324237 composite?
False
Is 3821482213 composite?
False
Is 2460065995 a composite number?
True
Is 19356182627 a composite number?
True
Is 13548531401 composite?
False
Is 213080713 prime?
True
Is 2909076503 prime?
True
Is 1192407373 a composite number?
True
Is 2055477751 prime?
True
Is 52740461 prime?
True
Is 1415403641 composite?
False
Is 14460431 a composite number?
False
Is 5450307979 prime?
True
Is 6691480841 composite?
True
Is 2701821233 composite?
True
Is 1496509249 prime?
True
Is 1674987187 a prime number?
True
Is 332262919 composite?
False
Is 387627961 a prime number?
False
Is 16290377255 composite?
True
Is 3117268813 composite?
False
Is 1613005891 prime?
False
Is 15057514469 composite?
False
Is 31809264671 prime?
True
Is 1890108787 composite?
True
Is 31353404413 composite?
False
Is 958554037 a prime number?
False
Is 5924704729 prime?
True
Is 7755770203 a prime number?
True
Is 6376984519 prime?
False
Is 2583107077 a composite number?
True
Is 40369593185 a prime number?
False
Is 2114648183 a composite number?
True
Is 10577208203 prime?
True
Is 87649167203 a composite number?
True
Is 15960495103 a prime number?
False
Is 19394719867 prime?
False
Is 5154819017 a composite number?
False
Is 107691544651 a prime number?
True
Is 17257703369 prime?
True
Is 13481913631 a prime number?
False
Is 1060164947 a prime number?
False
Is 13576600859 prime?
False
Is 1559871739 a composite number?
False
Is 1903491409 a prime number?
True
Is 538736147 composite?
True
Is 132622421 a composite number?
False
Is 665478197 a composite number?
True
Is 6775943359 composite?
True
Is 10691326237 prime?
False
Is 10437509317 a prime number?
True
Is 26668387439 a composite number?
False
Is 2495031463 composite?
False
Is 13314936577 a prime number?
True
Is 2353816943 composite?
True
Is 37567427433 a prime number?
False
Is 20748424349 composite?
True
Is 30954848107 a composite number?
False
Is 332741261 prime?
False
Is 7153258669 prime?
True
Is 2928151051 a composite number?
True
Is 66030237671 a composite number?
False
Is 7871013809 a prime number?
True
Is 89259617 a prime number?
True
Is 20304741097 a prime number?
True
Is 52786361 a prime number?
True
Is 21836767 composite?
False
Is 39936109457 composite?
False
Is 809201531 a prime number?
True
Is 15635483453 prime?
True
Is 116693267 a composite number?
False
Is 5497988233 a composite number?
True
Is 3054962783